{"id":8793,"date":"2022-09-12T19:55:26","date_gmt":"2022-09-12T19:55:26","guid":{"rendered":"https:\/\/journalists-org-develop.go-vip.co\/ona22\/speaker\/monica-pirela\/"},"modified":"2022-09-12T19:59:56","modified_gmt":"2022-09-12T19:59:56","slug":"monica-pirela","status":"publish","type":"ona_speaker","link":"https:\/\/journalists-org-develop.go-vip.co\/ona22\/speaker\/monica-pirela\/","title":{"rendered":"Monica Pirela"},"content":{"rendered":"<p>M\u00f3nica Pirela, CEO of NotiVisi\u00f3n Georgia, is Venezuelan-born journalist, wife and mother. A graduate of Universidad Rafael Belloso Chac\u00edn in social communications, M\u00f3nica arrived in Georgia in 2014. From there she made her first impact in the community as editor of the bilingual magazine Medientorno Middle Georgia for more than 5 years, covering events and local interest stories. With her experience and connection with Central Georgia\u2019s Latinos, she became aware of the dearth of information available in in Spanish. <\/p>\n<p>This was especially evident in the midst of the political upheaval as a result of the 2015 and 2019 presidential elections as well as state elections and processes. To expand the magazine\u2019s impact to inform Central Georgia\u2019s Latinos, M\u00f3nica successfully transformed the publication to a digital format, eventually evolving into NotiVisi\u00f3n Georgia.<\/p>\n<p>An accomplished and experienced journalism professional, M\u00f3nica serves as producer and reporter for the NotiVisi\u00f6n in addition to her duties as CEO. Through alliances and agreements with faith leaders and local organizations, M\u00f3nica has been able to bring initiatives and programs of benefit to Central Georgia\u2019s Latino community, including food distributions, vaccination days and COVID-19 testing, among others, allowing her to connect even more with her community. M\u00f3nica has also served as a member of the organization De Mujer a Mujer, whose purpose is to motivate and empower Latina women.<\/p>\n<p>In addition, she is also director and coordinator of Spanish radio news for Estrella Digital in Atlanta, Oasis 97.3FM in Augusta, and El Gallo 94.3FM for Middle Georgia.<\/p>\n","protected":false},"featured_media":8794,"template":"","meta":{"start_time":0,"end_time":0,"moderators":[],"hashtag":[],"soundcloud":[],"scribble":[],"viafoura":[],"youtube":[],"vimeo":[],"facebook":[],"trint":[],"slideshare":[],"livestream":[],"resources":[],"video_embed":[],"first_name":"Monica","last_name":"Pirela","title":"CEO","organization":"Notivision Georgia","website":"","twitter":"","_sponsor_url":"","_sponsor_tagline":"","_sponsor_level":""},"event":[53],"class_list":["post-8793","ona_speaker","type-ona_speaker","status-publish","has-post-thumbnail","hentry","event-ona22"],"yoast_head":"<!-- This site is optimized with the Yoast SEO plugin v26.5 - https:\/\/yoast.com\/wordpress\/plugins\/seo\/ -->\n<title>Monica Pirela &#8212; ONA22<\/title>\n<meta name=\"robots\" content=\"index, follow, max-snippet:-1, max-image-preview:large, max-video-preview:-1\" \/>\n<link rel=\"canonical\" href=\"https:\/\/journalists-org-develop.go-vip.co\/ona22\/speaker\/monica-pirela\/\" \/>\n<meta property=\"og:locale\" content=\"en_US\" \/>\n<meta property=\"og:type\" content=\"article\" \/>\n<meta property=\"og:title\" content=\"Monica Pirela &#8212; ONA22\" \/>\n<meta property=\"og:description\" content=\"M\u00f3nica Pirela, CEO of NotiVisi\u00f3n Georgia, is Venezuelan-born journalist, wife and mother. A graduate of Universidad Rafael Belloso Chac\u00edn in social communications, M\u00f3nica arrived in Georgia in 2014. From there she made her first impact in the community as editor of the bilingual magazine Medientorno Middle Georgia for more than 5 years, covering events and [&hellip;]\" \/>\n<meta property=\"og:url\" content=\"https:\/\/journalists-org-develop.go-vip.co\/ona22\/speaker\/monica-pirela\/\" \/>\n<meta property=\"og:site_name\" content=\"ONA22\" \/>\n<meta property=\"article:modified_time\" content=\"2022-09-12T19:59:56+00:00\" \/>\n<meta property=\"og:image\" content=\"https:\/\/journalists-org-develop.go-vip.co\/ona22\/wp-content\/uploads\/sites\/9\/2022\/09\/Monica-Pirela-e1663012483392-1.jpg\" \/>\n\t<meta property=\"og:image:width\" content=\"155\" \/>\n\t<meta property=\"og:image:height\" content=\"155\" \/>\n\t<meta property=\"og:image:type\" content=\"image\/jpeg\" \/>\n<meta name=\"twitter:card\" content=\"summary_large_image\" \/>\n<meta name=\"twitter:site\" content=\"@ONAconf\" \/>\n<meta name=\"twitter:label1\" content=\"Est. reading time\" \/>\n\t<meta name=\"twitter:data1\" content=\"2 minutes\" \/>\n<script type=\"application\/ld+json\" class=\"yoast-schema-graph\">{\"@context\":\"https:\/\/schema.org\",\"@graph\":[{\"@type\":\"WebPage\",\"@id\":\"https:\/\/journalists-org-develop.go-vip.co\/ona22\/speaker\/monica-pirela\/\",\"url\":\"https:\/\/journalists-org-develop.go-vip.co\/ona22\/speaker\/monica-pirela\/\",\"name\":\"Monica Pirela &#8212; ONA22\",\"isPartOf\":{\"@id\":\"https:\/\/journalists-org-develop.go-vip.co\/ona22\/#website\"},\"primaryImageOfPage\":{\"@id\":\"https:\/\/journalists-org-develop.go-vip.co\/ona22\/speaker\/monica-pirela\/#primaryimage\"},\"image\":{\"@id\":\"https:\/\/journalists-org-develop.go-vip.co\/ona22\/speaker\/monica-pirela\/#primaryimage\"},\"thumbnailUrl\":\"https:\/\/journalists-org-develop.go-vip.co\/ona22\/wp-content\/uploads\/sites\/9\/2022\/09\/Monica-Pirela-e1663012483392-1.jpg\",\"datePublished\":\"2022-09-12T19:55:26+00:00\",\"dateModified\":\"2022-09-12T19:59:56+00:00\",\"breadcrumb\":{\"@id\":\"https:\/\/journalists-org-develop.go-vip.co\/ona22\/speaker\/monica-pirela\/#breadcrumb\"},\"inLanguage\":\"en-US\",\"potentialAction\":[{\"@type\":\"ReadAction\",\"target\":[\"https:\/\/journalists-org-develop.go-vip.co\/ona22\/speaker\/monica-pirela\/\"]}]},{\"@type\":\"ImageObject\",\"inLanguage\":\"en-US\",\"@id\":\"https:\/\/journalists-org-develop.go-vip.co\/ona22\/speaker\/monica-pirela\/#primaryimage\",\"url\":\"https:\/\/journalists-org-develop.go-vip.co\/ona22\/wp-content\/uploads\/sites\/9\/2022\/09\/Monica-Pirela-e1663012483392-1.jpg\",\"contentUrl\":\"https:\/\/journalists-org-develop.go-vip.co\/ona22\/wp-content\/uploads\/sites\/9\/2022\/09\/Monica-Pirela-e1663012483392-1.jpg\",\"width\":155,\"height\":155},{\"@type\":\"BreadcrumbList\",\"@id\":\"https:\/\/journalists-org-develop.go-vip.co\/ona22\/speaker\/monica-pirela\/#breadcrumb\",\"itemListElement\":[{\"@type\":\"ListItem\",\"position\":1,\"name\":\"Home\",\"item\":\"https:\/\/journalists-org-develop.go-vip.co\/ona22\/\"},{\"@type\":\"ListItem\",\"position\":2,\"name\":\"Speakers\",\"item\":\"https:\/\/journalists-org-develop.go-vip.co\/ona22\/speakers\/\"},{\"@type\":\"ListItem\",\"position\":3,\"name\":\"Monica Pirela\"}]},{\"@type\":\"WebSite\",\"@id\":\"https:\/\/journalists-org-develop.go-vip.co\/ona22\/#website\",\"url\":\"https:\/\/journalists-org-develop.go-vip.co\/ona22\/\",\"name\":\"ONA22\",\"description\":\"Sept. 21\u201324, 2022, in Los Angeles\",\"publisher\":{\"@id\":\"https:\/\/journalists-org-develop.go-vip.co\/ona22\/#organization\"},\"potentialAction\":[{\"@type\":\"SearchAction\",\"target\":{\"@type\":\"EntryPoint\",\"urlTemplate\":\"https:\/\/journalists-org-develop.go-vip.co\/ona22\/?s={search_term_string}\"},\"query-input\":{\"@type\":\"PropertyValueSpecification\",\"valueRequired\":true,\"valueName\":\"search_term_string\"}}],\"inLanguage\":\"en-US\"},{\"@type\":\"Organization\",\"@id\":\"https:\/\/journalists-org-develop.go-vip.co\/ona22\/#organization\",\"name\":\"Online News Association\",\"url\":\"https:\/\/journalists-org-develop.go-vip.co\/ona22\/\",\"logo\":{\"@type\":\"ImageObject\",\"inLanguage\":\"en-US\",\"@id\":\"https:\/\/journalists-org-develop.go-vip.co\/ona22\/#\/schema\/logo\/image\/\",\"url\":\"https:\/\/journalists-org-develop.go-vip.co\/ona22\/wp-content\/uploads\/sites\/9\/2022\/05\/ONA_blue-1200.png\",\"contentUrl\":\"https:\/\/journalists-org-develop.go-vip.co\/ona22\/wp-content\/uploads\/sites\/9\/2022\/05\/ONA_blue-1200.png\",\"width\":1200,\"height\":519,\"caption\":\"Online News Association\"},\"image\":{\"@id\":\"https:\/\/journalists-org-develop.go-vip.co\/ona22\/#\/schema\/logo\/image\/\"},\"sameAs\":[\"https:\/\/x.com\/ONAconf\"]}]}<\/script>\n<!-- \/ Yoast SEO plugin. -->","yoast_head_json":{"title":"Monica Pirela &#8212; ONA22","robots":{"index":"index","follow":"follow","max-snippet":"max-snippet:-1","max-image-preview":"max-image-preview:large","max-video-preview":"max-video-preview:-1"},"canonical":"https:\/\/journalists-org-develop.go-vip.co\/ona22\/speaker\/monica-pirela\/","og_locale":"en_US","og_type":"article","og_title":"Monica Pirela &#8212; ONA22","og_description":"M\u00f3nica Pirela, CEO of NotiVisi\u00f3n Georgia, is Venezuelan-born journalist, wife and mother. A graduate of Universidad Rafael Belloso Chac\u00edn in social communications, M\u00f3nica arrived in Georgia in 2014. From there she made her first impact in the community as editor of the bilingual magazine Medientorno Middle Georgia for more than 5 years, covering events and [&hellip;]","og_url":"https:\/\/journalists-org-develop.go-vip.co\/ona22\/speaker\/monica-pirela\/","og_site_name":"ONA22","article_modified_time":"2022-09-12T19:59:56+00:00","og_image":[{"width":155,"height":155,"url":"https:\/\/journalists-org-develop.go-vip.co\/ona22\/wp-content\/uploads\/sites\/9\/2022\/09\/Monica-Pirela-e1663012483392-1.jpg","type":"image\/jpeg"}],"twitter_card":"summary_large_image","twitter_site":"@ONAconf","twitter_misc":{"Est. reading time":"2 minutes"},"schema":{"@context":"https:\/\/schema.org","@graph":[{"@type":"WebPage","@id":"https:\/\/journalists-org-develop.go-vip.co\/ona22\/speaker\/monica-pirela\/","url":"https:\/\/journalists-org-develop.go-vip.co\/ona22\/speaker\/monica-pirela\/","name":"Monica Pirela &#8212; ONA22","isPartOf":{"@id":"https:\/\/journalists-org-develop.go-vip.co\/ona22\/#website"},"primaryImageOfPage":{"@id":"https:\/\/journalists-org-develop.go-vip.co\/ona22\/speaker\/monica-pirela\/#primaryimage"},"image":{"@id":"https:\/\/journalists-org-develop.go-vip.co\/ona22\/speaker\/monica-pirela\/#primaryimage"},"thumbnailUrl":"https:\/\/journalists-org-develop.go-vip.co\/ona22\/wp-content\/uploads\/sites\/9\/2022\/09\/Monica-Pirela-e1663012483392-1.jpg","datePublished":"2022-09-12T19:55:26+00:00","dateModified":"2022-09-12T19:59:56+00:00","breadcrumb":{"@id":"https:\/\/journalists-org-develop.go-vip.co\/ona22\/speaker\/monica-pirela\/#breadcrumb"},"inLanguage":"en-US","potentialAction":[{"@type":"ReadAction","target":["https:\/\/journalists-org-develop.go-vip.co\/ona22\/speaker\/monica-pirela\/"]}]},{"@type":"ImageObject","inLanguage":"en-US","@id":"https:\/\/journalists-org-develop.go-vip.co\/ona22\/speaker\/monica-pirela\/#primaryimage","url":"https:\/\/journalists-org-develop.go-vip.co\/ona22\/wp-content\/uploads\/sites\/9\/2022\/09\/Monica-Pirela-e1663012483392-1.jpg","contentUrl":"https:\/\/journalists-org-develop.go-vip.co\/ona22\/wp-content\/uploads\/sites\/9\/2022\/09\/Monica-Pirela-e1663012483392-1.jpg","width":155,"height":155},{"@type":"BreadcrumbList","@id":"https:\/\/journalists-org-develop.go-vip.co\/ona22\/speaker\/monica-pirela\/#breadcrumb","itemListElement":[{"@type":"ListItem","position":1,"name":"Home","item":"https:\/\/journalists-org-develop.go-vip.co\/ona22\/"},{"@type":"ListItem","position":2,"name":"Speakers","item":"https:\/\/journalists-org-develop.go-vip.co\/ona22\/speakers\/"},{"@type":"ListItem","position":3,"name":"Monica Pirela"}]},{"@type":"WebSite","@id":"https:\/\/journalists-org-develop.go-vip.co\/ona22\/#website","url":"https:\/\/journalists-org-develop.go-vip.co\/ona22\/","name":"ONA22","description":"Sept. 21\u201324, 2022, in Los Angeles","publisher":{"@id":"https:\/\/journalists-org-develop.go-vip.co\/ona22\/#organization"},"potentialAction":[{"@type":"SearchAction","target":{"@type":"EntryPoint","urlTemplate":"https:\/\/journalists-org-develop.go-vip.co\/ona22\/?s={search_term_string}"},"query-input":{"@type":"PropertyValueSpecification","valueRequired":true,"valueName":"search_term_string"}}],"inLanguage":"en-US"},{"@type":"Organization","@id":"https:\/\/journalists-org-develop.go-vip.co\/ona22\/#organization","name":"Online News Association","url":"https:\/\/journalists-org-develop.go-vip.co\/ona22\/","logo":{"@type":"ImageObject","inLanguage":"en-US","@id":"https:\/\/journalists-org-develop.go-vip.co\/ona22\/#\/schema\/logo\/image\/","url":"https:\/\/journalists-org-develop.go-vip.co\/ona22\/wp-content\/uploads\/sites\/9\/2022\/05\/ONA_blue-1200.png","contentUrl":"https:\/\/journalists-org-develop.go-vip.co\/ona22\/wp-content\/uploads\/sites\/9\/2022\/05\/ONA_blue-1200.png","width":1200,"height":519,"caption":"Online News Association"},"image":{"@id":"https:\/\/journalists-org-develop.go-vip.co\/ona22\/#\/schema\/logo\/image\/"},"sameAs":["https:\/\/x.com\/ONAconf"]}]}},"_links":{"self":[{"href":"https:\/\/journalists-org-develop.go-vip.co\/ona22\/wp-json\/wp\/v2\/speakers\/8793","targetHints":{"allow":["GET"]}}],"collection":[{"href":"https:\/\/journalists-org-develop.go-vip.co\/ona22\/wp-json\/wp\/v2\/speakers"}],"about":[{"href":"https:\/\/journalists-org-develop.go-vip.co\/ona22\/wp-json\/wp\/v2\/types\/ona_speaker"}],"wp:featuredmedia":[{"embeddable":true,"href":"https:\/\/journalists-org-develop.go-vip.co\/ona22\/wp-json\/wp\/v2\/media\/8794"}],"wp:attachment":[{"href":"https:\/\/journalists-org-develop.go-vip.co\/ona22\/wp-json\/wp\/v2\/media?parent=8793"}],"wp:term":[{"taxonomy":"event","embeddable":true,"href":"https:\/\/journalists-org-develop.go-vip.co\/ona22\/wp-json\/wp\/v2\/event?post=8793"}],"curies":[{"name":"wp","href":"https:\/\/api.w.org\/{rel}","templated":true}]}}

<p>Mónica Pirela, CEO of NotiVisión Georgia, is Venezuelan-born journalist, wife and mother. A graduate of Universidad Rafael Belloso Chacín in social communications, Mónica arrived in Georgia in 2014. From there she made her first impact in the community as editor of the bilingual magazine Medientorno Middle Georgia for more than 5 years, covering events and local interest stories. With her experience and connection with Central Georgia’s Latinos, she became aware of the dearth of information available in in Spanish. </p>
<p>This was especially evident in the midst of the political upheaval as a result of the 2015 and 2019 presidential elections as well as state elections and processes. To expand the magazine’s impact to inform Central Georgia’s Latinos, Mónica successfully transformed the publication to a digital format, eventually evolving into NotiVisión Georgia.</p>
<p>An accomplished and experienced journalism professional, Mónica serves as producer and reporter for the NotiVisiön in addition to her duties as CEO. Through alliances and agreements with faith leaders and local organizations, Mónica has been able to bring initiatives and programs of benefit to Central Georgia’s Latino community, including food distributions, vaccination days and COVID-19 testing, among others, allowing her to connect even more with her community. Mónica has also served as a member of the organization De Mujer a Mujer, whose purpose is to motivate and empower Latina women.</p>
<p>In addition, she is also director and coordinator of Spanish radio news for Estrella Digital in Atlanta, Oasis 97.3FM in Augusta, and El Gallo 94.3FM for Middle Georgia.</p>

<!-- This site is optimized with the Yoast SEO plugin v26.5 - https://yoast.com/wordpress/plugins/seo/ -->
<title>Monica Pirela &#8212; ONA22</title>
<meta name="robots" content="index, follow, max-snippet:-1, max-image-preview:large, max-video-preview:-1" />
<link rel="canonical" href="https://journalists-org-develop.go-vip.co/ona22/speaker/monica-pirela/" />
<meta property="og:locale" content="en_US" />
<meta property="og:type" content="article" />
<meta property="og:title" content="Monica Pirela &#8212; ONA22" />
<meta property="og:description" content="Mónica Pirela, CEO of NotiVisión Georgia, is Venezuelan-born journalist, wife and mother. A graduate of Universidad Rafael Belloso Chacín in social communications, Mónica arrived in Georgia in 2014. From there she made her first impact in the community as editor of the bilingual magazine Medientorno Middle Georgia for more than 5 years, covering events and [&hellip;]" />
<meta property="og:url" content="https://journalists-org-develop.go-vip.co/ona22/speaker/monica-pirela/" />
<meta property="og:site_name" content="ONA22" />
<meta property="article:modified_time" content="2022-09-12T19:59:56+00:00" />
<meta property="og:image" content="https://journalists-org-develop.go-vip.co/ona22/wp-content/uploads/sites/9/2022/09/Monica-Pirela-e1663012483392-1.jpg" />
	<meta property="og:image:width" content="155" />
	<meta property="og:image:height" content="155" />
	<meta property="og:image:type" content="image/jpeg" />
<meta name="twitter:card" content="summary_large_image" />
<meta name="twitter:site" content="@ONAconf" />
<meta name="twitter:label1" content="Est. reading time" />
	<meta name="twitter:data1" content="2 minutes" />
<script type="application/ld+json" class="yoast-schema-graph">{"@context":"https://schema.org","@graph":[{"@type":"WebPage","@id":"https://journalists-org-develop.go-vip.co/ona22/speaker/monica-pirela/","url":"https://journalists-org-develop.go-vip.co/ona22/speaker/monica-pirela/","name":"Monica Pirela &#8212; ONA22","isPartOf":{"@id":"https://journalists-org-develop.go-vip.co/ona22/#website"},"primaryImageOfPage":{"@id":"https://journalists-org-develop.go-vip.co/ona22/speaker/monica-pirela/#primaryimage"},"image":{"@id":"https://journalists-org-develop.go-vip.co/ona22/speaker/monica-pirela/#primaryimage"},"thumbnailUrl":"https://journalists-org-develop.go-vip.co/ona22/wp-content/uploads/sites/9/2022/09/Monica-Pirela-e1663012483392-1.jpg","datePublished":"2022-09-12T19:55:26+00:00","dateModified":"2022-09-12T19:59:56+00:00","breadcrumb":{"@id":"https://journalists-org-develop.go-vip.co/ona22/speaker/monica-pirela/#breadcrumb"},"inLanguage":"en-US","potentialAction":[{"@type":"ReadAction","target":["https://journalists-org-develop.go-vip.co/ona22/speaker/monica-pirela/"]}]},{"@type":"ImageObject","inLanguage":"en-US","@id":"https://journalists-org-develop.go-vip.co/ona22/speaker/monica-pirela/#primaryimage","url":"https://journalists-org-develop.go-vip.co/ona22/wp-content/uploads/sites/9/2022/09/Monica-Pirela-e1663012483392-1.jpg","contentUrl":"https://journalists-org-develop.go-vip.co/ona22/wp-content/uploads/sites/9/2022/09/Monica-Pirela-e1663012483392-1.jpg","width":155,"height":155},{"@type":"BreadcrumbList","@id":"https://journalists-org-develop.go-vip.co/ona22/speaker/monica-pirela/#breadcrumb","itemListElement":[{"@type":"ListItem","position":1,"name":"Home","item":"https://journalists-org-develop.go-vip.co/ona22/"},{"@type":"ListItem","position":2,"name":"Speakers","item":"https://journalists-org-develop.go-vip.co/ona22/speakers/"},{"@type":"ListItem","position":3,"name":"Monica Pirela"}]},{"@type":"WebSite","@id":"https://journalists-org-develop.go-vip.co/ona22/#website","url":"https://journalists-org-develop.go-vip.co/ona22/","name":"ONA22","description":"Sept. 21–24, 2022, in Los Angeles","publisher":{"@id":"https://journalists-org-develop.go-vip.co/ona22/#organization"},"potentialAction":[{"@type":"SearchAction","target":{"@type":"EntryPoint","urlTemplate":"https://journalists-org-develop.go-vip.co/ona22/?s={search_term_string}"},"query-input":{"@type":"PropertyValueSpecification","valueRequired":true,"valueName":"search_term_string"}}],"inLanguage":"en-US"},{"@type":"Organization","@id":"https://journalists-org-develop.go-vip.co/ona22/#organization","name":"Online News Association","url":"https://journalists-org-develop.go-vip.co/ona22/","logo":{"@type":"ImageObject","inLanguage":"en-US","@id":"https://journalists-org-develop.go-vip.co/ona22/#/schema/logo/image/","url":"https://journalists-org-develop.go-vip.co/ona22/wp-content/uploads/sites/9/2022/05/ONA_blue-1200.png","contentUrl":"https://journalists-org-develop.go-vip.co/ona22/wp-content/uploads/sites/9/2022/05/ONA_blue-1200.png","width":1200,"height":519,"caption":"Online News Association"},"image":{"@id":"https://journalists-org-develop.go-vip.co/ona22/#/schema/logo/image/"},"sameAs":["https://x.com/ONAconf"]}]}</script>
<!-- / Yoast SEO plugin. -->

Mónica Pirela, CEO of NotiVisión Georgia, is Venezuelan-born journalist, wife and mother. A graduate of Universidad Rafael Belloso Chacín in social communications, Mónica arrived in Georgia in 2014. From there she made her first impact in the community as editor of the bilingual magazine Medientorno Middle Georgia for more than 5 years, covering events and [&hellip;]
